16639
In base 11, what is 305 + -8a?
226
In base 4, what is -23132 + 2321?
-20211
In base 10, what is 191 + 7739?
7930
In base 4, what is 10123033 - 13?
10123020
In base 3, what is -1020 - -100020?
22000
In base 10, what is -16 + 14101?
14085
In base 3, what is 220211 + 1210?
222121
In base 13, what is 13c0 + a8?
1498
In base 14, what is -67 + 2c3?
25a
In base 8, what is 632607 + 7?
632616
In base 10, what is 1768380 + -5?
1768375
In base 8, what is 2265 - 352?
1713
In base 2, what is -101 - 1100011010010011?
-1100011010011000
In base 13, what is -7302 - -4?
-72cb
In base 3, what is -101011 + -12222?
-121010
In base 13, what is -45a61 - -9?
-45a55
In base 13, what is -42b32 - 4?
-42b36
In base 4, what is -10 + -12120033?
-12120103
In base 3, what is 2 + 100210101202?
100210101211
In base 11, what is -3 + -134034?
-134037
In base 11, what is -125877 - 5?
-125881
In base 5, what is -14 + -11344?
-11413
In base 15, what is -d - 345b4?
-345c2
In base 4, what is 12101 - -100?
12201
In base 8, what is 4 + -351305?
-351301
In base 3, what is -2211222 - -212112?
-1222110
In base 15, what is 393d - 2?
393b
In base 11, what is -84 - -256?
182
In base 8, what is 243 - 162?
61
In base 2, what is -100001 + -110011001010001?
-110011001110010
In base 4, what is 11 + 230303100?
230303111
In base 14, what is -3 - c254?
-c257
In base 16, what is 4890 - -6?
4896
In base 3, what is 1112102 - -1010?
1120112
In base 3, what is 2110 + -22202?
-20022
In base 2, what is -1111001110001110111 + -100?
-1111001110001111011
In base 8, what is 262 - 63147?
-62665
In base 13, what is -14a40 - -3?
-14a3a
In base 13, what is -455 + 4a?
-408
In base 15, what is -2 + -1349d1?
-1349d3
In base 2, what is 10 + 1000100010110111?
1000100010111001
In base 5, what is 144212 + -1103?
143104
In base 7, what is 16246414 + 0?
16246414
In base 8, what is -1 + -311561?
-311562
In base 10, what is -78813 - -8?
-78805
In base 5, what is 1403 - 403441?
-402033
In base 12, what is 3b33b + -18?
3b323
In base 14, what is -154a + 62?
-14c8
In base 7, what is 4204401 + 5?
4204406
In base 2, what is -11101000 + 1011101010010?
1011001101010
In base 13, what is 1 + 4027?
4028
In base 5, what is -22 + -124130?
-124202
In base 8, what is 6307 + -14?
6273
In base 8, what is 6 - 1221?
-1213
In base 7, what is 101221 - 5?
101213
In base 11, what is -5a87 + -7?
-5a93
In base 5, what is 24 + -1101444?
-1101420
In base 10, what is 3581 - 4?
3577
In base 11, what is 4 - -331815?
331819
In base 8, what is -12 - 14717?
-14731
In base 3, what is -1 + 2121222?
2121221
In base 8, what is 2 - 3112775?
-3112773
In base 3, what is -1220201221 - 2?
-1220202000
In base 16, what is -16157 - 16?
-1616d
In base 13, what is -5 - -2a40?
2a38
In base 5, what is -1100032 + -22?
-1100104
In base 2, what is 1010110111100110110 + 0?
1010110111100110110
In base 2, what is 10000001001100100100 - 0?
10000001001100100100
In base 7, what is -62 - -1553?
1461
In base 8, what is -2266 - 611?
-3077
In base 16, what is ca5 + -6c?
c39
In base 16, what is 11bc + 5f6?
17b2
In base 9, what is 1025 - -53?
1078
In base 14, what is -1a2 - -819?
657
In base 15, what is -b4a7 + 1c?
-b48a
In base 4, what is -2 + -20221313?
-20221321
In base 4, what is -11100 + -1123?
-12223
In base 14, what is 1d - -3b57?
3b76
In base 4, what is 223110311 - 11?
223110300
In base 2, what is 110010 + 1111100000?
10000010010
In base 5, what is 1413 - 30213?
-23300
In base 5, what is -10032 + 434?
-4043
In base 6, what is -24 + 221?
153
In base 4, what is 10 - 3322211?
-3322201
In base 4, what is 131001 - 0?
131001
In base 16, what is -35 + -1f3d?
-1f72
In base 2, what is -100 + 11000000000001?
10111111111101
In base 3, what is -1112110102121 - -12?
-1112110102102
In base 7, what is -361643 + -14?
-361660
In base 3, what is 22222 - 2110?
20112
In base 6, what is 1 + -120435?
-120434
In base 9, what is 280636 + 4?
280641
In base 9, what is -25614 + 2?
-25612
In base 14, what is 15 + -20d?
-1d8
In base 8, what is -1124 + 113?
-1011
In base 12, what is -18a942 - 0?
-18a942
In base 5, what is 2 - 303412?
-303410
In base 16, what is -46 - -16f?
129
In base 16, what is -216713 + -3?
-216716
In base 13, what is 17 - -19c3b?
19c55
In base 8, what is -2 + 1120514?
1120512
In base 16, what is -364d - -2d?
-3620
In base 6, what is -5 - -55452?
55443
In base 10, what is 5058 - -32?
5090
In base 10, what is 1734 - 23?
1711
In base 16, what is -1 + 18f1?
18f0
In base 9, what is -1327 + 1366?
38
In base 2, what is -10111011 + -11100?
-11010111
In base 5, what is -130201 + 4?
-130142
In base 15, what is -6 - -c940?
c939
In base 15, what is 1823e - -13?
18252
In base 6, what is -13 + -23215002?
-23215015
In base 9, what is -170405 + 5?
-170400
In base 8, what is -1 - 52246?
-52247
In base 4, what is 11002200 + -1?
11002133
In base 14, what is 15b63 + 5b?
15bc0
In base 14, what is -2 - 52975?
-52977
In base 7, what is -1432125 - 12?
-1432140
In base 9, what is -3 - -15554?
15551
In base 7, what is 113 + 2364?
2510
In base 14, what is 1d - 12?
b
In base 3, what is -1 + -10011002200?
-10011002201
In base 8, what is 20 - -367340?
367360
In base 3, what is 2111200110001 - -2?
2111200110010
In base 13, what is 2 + 116c2?
116c4
In base 7, what is -13 - -10526?
10513
In base 5, what is -224 - 3201223?
-3202002
In base 6, what is -24 - -553304?
553240
In base 11, what is 93 + 757?
83a
In base 2, what is -1010101 + 1100011100?
1011000111
In base 6, what is -1414 - 22052?
-23510
In base 4, what is -10101010 - 13?
-10101023
In base 3, what is -10 + -10202021021?
-10202021101
In base 14, what is -7 - 47102?
-47109
In base 13, what is 0 - -9685?
9685
In base 9, what is -3 + 104717?
104714
In base 9, what is -22024550 + 4?
-22024545
In base 7, what is -5 - 454425?
-454433
In base 2, what is -11 - 111000010100?
-111000010111
In base 10, what is -187 - -10?
-177
In base 14, what is -4487 + 0?
-4487
In base 11, what is -12 - -24404?
243a2
In base 10, what is 1 + -51047?
-51046
In base 6, what is 33043 + -3?
33040
In base 10, what is 1 + 9646?
9647
In base 13, what is c764 + 7?
c76b
In base 11, what is 3 + -114707?
-114704
In base 16, what is -b + -8f43?
-8f4e
In base 8, what is -30 + 30043?
30013
In base 8, what is 141317 + 36?
141355
In base 6, what is 3 - 142024?
-142021
In base 7, what is -143 + -24425?
-24601
In base 11, what is 6992 + 22?
6a04
In base 5, what is -113 + -4244?
-4412
In base 8, what is -26 - -211745?
211717
In base 16, what is -15e41 + 4?
-15e3d
In base 16, what is -f - 280?
-28f
In base 12, what is -331b - 290?
-35ab
In base 10, what is -108950 - 2?
-108952
In base 15, what is -1047 - 4?
-104b
In base 14, what is 7 + -2dd2?
-2dc9
In base 2, what is 10 + 10001111000000?
10001111000010
In base 15, what is -6021 - 7?
-6028
In base 8, what is -131242 + -22?
-131264
In base 16, what is -11 - -36d?
35c
In base 12, what is 2 - -b315?
b317
In base 5, what is -403400210 - -1?
-403400204
In base 10, what is 2380773 - 1?
2380772
In base 9, what is 4 + 18241?
18245
In base 4, what is 31323302321 + -3?
31323302312
In base 10, what is 6 - -43937?
43943
In base 15, what is 78a8c - 2?
78a8a
In base 6, what is -1 + -330424?
-330425
In base 5, what is -11 - -143114?
143103
In base 4, what is 2 + -11132010?
-11132002
In base 5, what is 213112 + 30?
213142
In base 13, what is 38 + -6218?
-61b0
In base 7, what is -40 - 114506?
-114546
In base 8, what is 105 - -10101?
10206
In base 2, what is 10 + -110010111011?
-110010111001
In base 4, what is -1 + 11020110?
11020103
In base 14, what is -42670 + -7?
-42677
In base 15, what is 12a3 + -98?
120a
In base 13, what is 97 - 1807?
-1740
In base 12, what is -1 - -123aa?
123a9
In base 6, what is 254543 - -111?
255054
In base 15, what is 300 + 951?
c51
In base 12, what is 20 - -1a60?
1a80
In base 12, what is 1 - -b7315?
b7316
In base 16, what is 5 - -3c76d?
3c772
In base 10, what is 3 - 60677?
-60674
In base 8, what is -5074167 - -4?
-5074163
In base 7, what is 6 + 133233?
133242
In base 14, what is 1 + -3d39?
-3d38
In base 6, what is 3032 + -4243?
-1211
In base 13, what is 387 - 1a?
36a
In base 4, what is 0 - 331203?
-331203
In base 16, what is c70 - -4?
c74
In base 7, what is 2250420 + 3?
2250423
In base 13, what is -5 + -7462?
-7467
In base 16, what is -1ec